{"id":1973,"date":"2024-02-05T10:06:59","date_gmt":"2024-02-05T09:06:59","guid":{"rendered":"https:\/\/sp2zelow.pl\/?page_id=1973"},"modified":"2024-03-25T14:43:51","modified_gmt":"2024-03-25T13:43:51","slug":"patron","status":"publish","type":"page","link":"https:\/\/sp2zelow.pl\/?page_id=1973","title":{"rendered":"Patron"},"content":{"rendered":"\n<h2 class=\"wp-block-heading\"><\/h2>\n\n\n\n<h1 class=\"wp-block-heading\">\u017bycie i dzia\u0142alno\u015b\u0107 Tadeusza Ko\u015bciuszki &#8211; patrona naszej szko\u0142y.<\/h1>\n\n\n\n<p>Tadeusz Ko\u015bciuszko urodzi\u0142 si\u0119 na Polesiu w maj\u0105tku Mereczowszczyzna 4 lutego 1746 roku. Ojciec jego, Ludwik, by\u0142 dzier\u017cawc\u0105 tego maj\u0105tku. Matka mia\u0142a na imi\u0119 Tekla. Tadeusz mia\u0142 dwie siostry i jednego brata. Wszystkie dzieci pa\u0144stwa Ko\u015bciuszk\u00f3w ucz\u0119szcza\u0142y do Kolegium w Lubieszowie, gdzie panowa\u0142 duch patriotyczny. W roku 1766, gdy Tadeusz mia\u0142 20 lat, po zdaniu egzaminu i z\u0142o\u017ceniu przyrzeczenia wst\u0105pi\u0142 do Szko\u0142y Rycerskiej. Po trzech latach otrzyma\u0142 stopie\u0144 kapitana i dosta\u0142 stypendium kr\u00f3lewskie na wyjazd do Pary\u017ca. Tam wst\u0105pi\u0142 do Kr\u00f3lewskiej Akademii Malarstwa i Rze\u017aby, gdy\u017c do Akademii Wojskowej, jako cudzoziemiec nie m\u00f3g\u0142 by\u0107 przyj\u0119ty.<\/p>\n\n\n\n<p>Po pi\u0119ciu latach pobytu w Pary\u017cu, w roku 1774, Ko\u015bciuszko wyje\u017cd\u017ca do Ameryki P\u00f3\u0142nocnej. W 1783 roku wraca do kraju, gdzie w 1789 roku zostaje przez kr\u00f3la Stanis\u0142awa Augusta Poniatowskiego podniesiony do rangi genera\u0142a. Wezwany rozkazem kr\u00f3lewskim pe\u0142ni s\u0142u\u017cb\u0119 wojskow\u0105.<br>W 1792 roku na Ziemie Polskie wkroczy\u0142y wojska rosyjskie carycy Katarzyny. Ko\u015bciuszko dowodzi w kilku bitwach przeciwko wojskom rosyjskim. Zacz\u0119to my\u015ble\u0107 o zorganizowaniu powstania.<\/p>\n\n\n\n<p>24 marca 1794 roku o godzinie 9 rano na Krakowskim Rynku podpisany zosta\u0142 Akt Powstania. Tadeusz Ko\u015bciuszko zosta\u0142 Naczelnikiem Powstania i z\u0142o\u017cy\u0142 przysi\u0119g\u0119 narodowi. Zwyci\u0119stwo w bitwie pod Rac\u0142awicami obudzi\u0142o wiar\u0119 w pomy\u015blno\u015b\u0107 powstania. W bitwie tej niezwyk\u0142\u0105 waleczno\u015bci\u0105 wykazali si\u0119 ch\u0142opi uzbrojeni w kosy &#8211; kosynierzy. Bitwa ta zosta\u0142a uwieczniona przez wybitnych malarzy &#8211; Jana Styk\u0119 i Wojciecha Kossaka.<\/p>\n\n\n\n<p>W 1800 roku w Pary\u017cu Ko\u015bciuszko wyda\u0142 broszur\u0119 &#8222;Czy Polacy mog\u0105 wybi\u0107 si\u0119 na niepodleg\u0142o\u015b\u0107?&#8221;. Z broszury tej czerpali natchnienie powsta\u0144cy 1830 roku. Twierdzi\u0142 w niej, \u017ce Polak\u00f3w sta\u0107 na wywalczenie niepodleg\u0142o\u015bci, byle wierzyli we w\u0142asne si\u0142y. P\u00f3\u017aniej Ko\u015bciuszko nie anga\u017cowa\u0142 si\u0119 ju\u017c w dzia\u0142alno\u015b\u0107 publiczn\u0105.<\/p>\n\n\n\n<p>W 1815 roku zamieszka\u0142 w Solur w Szwajcarii. Tam zmar\u0142 po kr\u00f3tkiej chorobie 15 pa\u017adziernika 1817 roku.<br>Rok po \u015bmierci przewieziono jego prochy do Krakowa i pochowano na Wawelu. Serce pozosta\u0142o jednak w Szwajcarii w Muzeum Polskim w Raperwilu. Urna z sercem przewieziona zosta\u0142a do Polski dopiero w 1927 roku i umieszczona na Zamku Kr\u00f3lewskim w Warszawie. Obecnie znajduje si\u0119 w Muzeum Narodowym w Warszawie.<\/p>\n","protected":false},"excerpt":{"rendered":"<p>\u017bycie i dzia\u0142alno\u015b\u0107 Tadeusza Ko\u015bciuszki &#8211; patrona naszej szko\u0142y. Tadeusz Ko\u015bciuszko urodzi\u0142 si\u0119 na Polesiu w maj\u0105tku Mereczowszczyzna 4 lutego<\/p>\n","protected":false},"author":1,"featured_media":0,"parent":0,"menu_order":0,"comment_status":"closed","ping_status":"closed","template":"","meta":{"colormag_page_container_layout":"no_sidebar_full_width","colormag_page_sidebar_layout":"right_sidebar","footnotes":""},"class_list":["post-1973","page","type-page","status-publish","hentry"],"_links":{"self":[{"href":"https:\/\/sp2zelow.pl\/index.php?rest_route=\/wp\/v2\/pages\/1973","targetHints":{"allow":["GET"]}}],"collection":[{"href":"https:\/\/sp2zelow.pl\/index.php?rest_route=\/wp\/v2\/pages"}],"about":[{"href":"https:\/\/sp2zelow.pl\/index.php?rest_route=\/wp\/v2\/types\/page"}],"author":[{"embeddable":true,"href":"https:\/\/sp2zelow.pl\/index.php?rest_route=\/wp\/v2\/users\/1"}],"replies":[{"embeddable":true,"href":"https:\/\/sp2zelow.pl\/index.php?rest_route=%2Fwp%2Fv2%2Fcomments&post=1973"}],"version-history":[{"count":1,"href":"https:\/\/sp2zelow.pl\/index.php?rest_route=\/wp\/v2\/pages\/1973\/revisions"}],"predecessor-version":[{"id":1974,"href":"https:\/\/sp2zelow.pl\/index.php?rest_route=\/wp\/v2\/pages\/1973\/revisions\/1974"}],"wp:attachment":[{"href":"https:\/\/sp2zelow.pl\/index.php?rest_route=%2Fwp%2Fv2%2Fmedia&parent=1973"}],"curies":[{"name":"wp","href":"https:\/\/api.w.org\/{rel}","templated":true}]}}

<h2 class="wp-block-heading"></h2>



<h1 class="wp-block-heading">Życie i działalność Tadeusza Kościuszki &#8211; patrona naszej szkoły.</h1>



<p>Tadeusz Kościuszko urodził się na Polesiu w majątku Mereczowszczyzna 4 lutego 1746 roku. Ojciec jego, Ludwik, był dzierżawcą tego majątku. Matka miała na imię Tekla. Tadeusz miał dwie siostry i jednego brata. Wszystkie dzieci państwa Kościuszków uczęszczały do Kolegium w Lubieszowie, gdzie panował duch patriotyczny. W roku 1766, gdy Tadeusz miał 20 lat, po zdaniu egzaminu i złożeniu przyrzeczenia wstąpił do Szkoły Rycerskiej. Po trzech latach otrzymał stopień kapitana i dostał stypendium królewskie na wyjazd do Paryża. Tam wstąpił do Królewskiej Akademii Malarstwa i Rzeźby, gdyż do Akademii Wojskowej, jako cudzoziemiec nie mógł być przyjęty.</p>



<p>Po pięciu latach pobytu w Paryżu, w roku 1774, Kościuszko wyjeżdża do Ameryki Północnej. W 1783 roku wraca do kraju, gdzie w 1789 roku zostaje przez króla Stanisława Augusta Poniatowskiego podniesiony do rangi generała. Wezwany rozkazem królewskim pełni służbę wojskową.<br>W 1792 roku na Ziemie Polskie wkroczyły wojska rosyjskie carycy Katarzyny. Kościuszko dowodzi w kilku bitwach przeciwko wojskom rosyjskim. Zaczęto myśleć o zorganizowaniu powstania.</p>



<p>24 marca 1794 roku o godzinie 9 rano na Krakowskim Rynku podpisany został Akt Powstania. Tadeusz Kościuszko został Naczelnikiem Powstania i złożył przysięgę narodowi. Zwycięstwo w bitwie pod Racławicami obudziło wiarę w pomyślność powstania. W bitwie tej niezwykłą walecznością wykazali się chłopi uzbrojeni w kosy &#8211; kosynierzy. Bitwa ta została uwieczniona przez wybitnych malarzy &#8211; Jana Stykę i Wojciecha Kossaka.</p>



<p>W 1800 roku w Paryżu Kościuszko wydał broszurę &#8222;Czy Polacy mogą wybić się na niepodległość?&#8221;. Z broszury tej czerpali natchnienie powstańcy 1830 roku. Twierdził w niej, że Polaków stać na wywalczenie niepodległości, byle wierzyli we własne siły. Później Kościuszko nie angażował się już w działalność publiczną.</p>



<p>W 1815 roku zamieszkał w Solur w Szwajcarii. Tam zmarł po krótkiej chorobie 15 października 1817 roku.<br>Rok po śmierci przewieziono jego prochy do Krakowa i pochowano na Wawelu. Serce pozostało jednak w Szwajcarii w Muzeum Polskim w Raperwilu. Urna z sercem przewieziona została do Polski dopiero w 1927 roku i umieszczona na Zamku Królewskim w Warszawie. Obecnie znajduje się w Muzeum Narodowym w Warszawie.</p>

<p>Życie i działalność Tadeusza Kościuszki &#8211; patrona naszej szkoły. Tadeusz Kościuszko urodził się na Polesiu w majątku Mereczowszczyzna 4 lutego</p>
