{"id":1975,"date":"2024-02-05T10:07:46","date_gmt":"2024-02-05T09:07:46","guid":{"rendered":"https:\/\/sp2zelow.pl\/?page_id=1975"},"modified":"2024-02-05T10:07:46","modified_gmt":"2024-02-05T09:07:46","slug":"o-szkole","status":"publish","type":"page","link":"https:\/\/sp2zelow.pl\/?page_id=1975","title":{"rendered":"O szkole"},"content":{"rendered":"\n<h2 class=\"wp-block-heading\"><\/h2>\n\n\n\n<p><strong>Dlaczego szko\u0142a przyjemna i potrzebna? (&#8230;)<\/strong><br><strong>&#8222;Szko\u0142a my\u015bli tylko o uczniu: ka\u017cda sala,<\/strong><br><strong>ka\u017cda \u0142awka, ka\u017cdy k\u0105cik jest w\u0142a\u015bnie dla ucznia.<\/strong><br><strong>Ca\u0142y czas szkolny nauczyciela dla ucznia&#8221;<\/strong><br><strong>(J. Korczak)<\/strong><\/p>\n\n\n\n<hr class=\"wp-block-separator has-alpha-channel-opacity\"\/>\n\n\n\n<p><strong>Od&nbsp;wrze\u015bnia 2021 roku plac\u00f3wk\u0105 kieruje pani Dyrektor&nbsp;mgr&nbsp;Anna Adamusiak- Stasiak<br>wraz z zast\u0119pc\u0105 pani\u0105&nbsp;<\/strong><strong>mgr Liliana Rogut&nbsp;<\/strong><\/p>\n\n\n\n<hr class=\"wp-block-separator has-alpha-channel-opacity\"\/>\n\n\n\n<p><strong>Nasza szko\u0142a jest ma\u0142a, kolorowa, przytulna i bezpieczna.<\/strong><\/p>\n\n\n\n<p><strong>Nasza szko\u0142a oferuje swoim uczniom:<\/strong><\/p>\n\n\n\n<ul class=\"wp-block-list\">\n<li>nauk\u0119 w klasach integracyjnych,<\/li>\n\n\n\n<li>mi\u0142\u0105 i przyjazn\u0105 atmosfer\u0119,<\/li>\n\n\n\n<li>\u017cyczliwych i kompetentnych nauczycieli,<\/li>\n\n\n\n<li>mo\u017cliwo\u015b\u0107 rozwijania zainteresowa\u0144 na licznych zaj\u0119ciach pozalekcyjnych,<\/li>\n\n\n\n<li>mo\u017cliwo\u015b\u0107 udzia\u0142u w konkursach szkolnych i pozaszkolnych,<\/li>\n\n\n\n<li>nauk\u0119 j\u0119zyka angielskiego od I klasy,<\/li>\n\n\n\n<li>zaj\u0119cia w pracowni komputerowej od I klasy,<\/li>\n\n\n\n<li>opiek\u0119 w \u015bwietlicy szkolnej w godz. 7.50 &#8211; 16.10,<\/li>\n\n\n\n<li>mo\u017cliwo\u015b\u0107 zjedzenia obiadu w sto\u0142\u00f3wce,<\/li>\n\n\n\n<li>sklepik szkolny.<\/li>\n<\/ul>\n\n\n\n<p><strong>Dla naszych uczni\u00f3w organizujemy:<\/strong><\/p>\n\n\n\n<ul class=\"wp-block-list\">\n<li>wyjazdy do kin, teatr\u00f3w, muze\u00f3w,<\/li>\n\n\n\n<li>ciekawe wycieczki, &#8222;zielon\u0105 szko\u0142\u0119&#8221;,<\/li>\n\n\n\n<li>wyjazdy na basen.<\/li>\n<\/ul>\n\n\n\n<p><strong>Rodzice naszych uczni\u00f3w chwal\u0105:<\/strong><\/p>\n\n\n\n<ul class=\"wp-block-list\">\n<li>&nbsp;&nbsp;&nbsp; wysoki poziom nauczania,<\/li>\n\n\n\n<li>&nbsp;&nbsp;&nbsp; przyjazn\u0105, mi\u0142\u0105 atmosfer\u0119 w szkole,<\/li>\n\n\n\n<li>&nbsp;&nbsp;&nbsp; nauk\u0119 j\u0119zyka angielskiego od pierwszej klasy,<\/li>\n\n\n\n<li>&nbsp;&nbsp;&nbsp; nauk\u0119 obs\u0142ugi komputera od pierwszej klasy,<\/li>\n\n\n\n<li>&nbsp;&nbsp;&nbsp; \u0142atwy i dobry kontakt z nauczycielami,<\/li>\n\n\n\n<li>&nbsp;&nbsp;&nbsp; bezpiecze\u0144stwo i opiek\u0119 nad dzie\u0107mi,<\/li>\n\n\n\n<li>&nbsp;&nbsp;&nbsp; organizacj\u0119 zaj\u0119\u0107 i wycieczek.<\/li>\n<\/ul>\n","protected":false},"excerpt":{"rendered":"<p>Dlaczego szko\u0142a przyjemna i potrzebna? (&#8230;)&#8222;Szko\u0142a my\u015bli tylko o uczniu: ka\u017cda sala,ka\u017cda \u0142awka, ka\u017cdy k\u0105cik jest w\u0142a\u015bnie dla ucznia.Ca\u0142y czas<\/p>\n","protected":false},"author":1,"featured_media":0,"parent":0,"menu_order":0,"comment_status":"closed","ping_status":"closed","template":"","meta":{"colormag_page_container_layout":"default_layout","colormag_page_sidebar_layout":"default_layout","footnotes":""},"class_list":["post-1975","page","type-page","status-publish","hentry"],"_links":{"self":[{"href":"https:\/\/sp2zelow.pl\/index.php?rest_route=\/wp\/v2\/pages\/1975","targetHints":{"allow":["GET"]}}],"collection":[{"href":"https:\/\/sp2zelow.pl\/index.php?rest_route=\/wp\/v2\/pages"}],"about":[{"href":"https:\/\/sp2zelow.pl\/index.php?rest_route=\/wp\/v2\/types\/page"}],"author":[{"embeddable":true,"href":"https:\/\/sp2zelow.pl\/index.php?rest_route=\/wp\/v2\/users\/1"}],"replies":[{"embeddable":true,"href":"https:\/\/sp2zelow.pl\/index.php?rest_route=%2Fwp%2Fv2%2Fcomments&post=1975"}],"version-history":[{"count":1,"href":"https:\/\/sp2zelow.pl\/index.php?rest_route=\/wp\/v2\/pages\/1975\/revisions"}],"predecessor-version":[{"id":1976,"href":"https:\/\/sp2zelow.pl\/index.php?rest_route=\/wp\/v2\/pages\/1975\/revisions\/1976"}],"wp:attachment":[{"href":"https:\/\/sp2zelow.pl\/index.php?rest_route=%2Fwp%2Fv2%2Fmedia&parent=1975"}],"curies":[{"name":"wp","href":"https:\/\/api.w.org\/{rel}","templated":true}]}}

<h2 class="wp-block-heading"></h2>



<p><strong>Dlaczego szkoła przyjemna i potrzebna? (&#8230;)</strong><br><strong>&#8222;Szkoła myśli tylko o uczniu: każda sala,</strong><br><strong>każda ławka, każdy kącik jest właśnie dla ucznia.</strong><br><strong>Cały czas szkolny nauczyciela dla ucznia&#8221;</strong><br><strong>(J. Korczak)</strong></p>



<hr class="wp-block-separator has-alpha-channel-opacity"/>



<p><strong>Od&nbsp;września 2021 roku placówką kieruje pani Dyrektor&nbsp;mgr&nbsp;Anna Adamusiak- Stasiak<br>wraz z zastępcą panią&nbsp;</strong><strong>mgr Liliana Rogut&nbsp;</strong></p>



<hr class="wp-block-separator has-alpha-channel-opacity"/>



<p><strong>Nasza szkoła jest mała, kolorowa, przytulna i bezpieczna.</strong></p>



<p><strong>Nasza szkoła oferuje swoim uczniom:</strong></p>



<ul class="wp-block-list">
<li>naukę w klasach integracyjnych,</li>



<li>miłą i przyjazną atmosferę,</li>



<li>życzliwych i kompetentnych nauczycieli,</li>



<li>możliwość rozwijania zainteresowań na licznych zajęciach pozalekcyjnych,</li>



<li>możliwość udziału w konkursach szkolnych i pozaszkolnych,</li>



<li>naukę języka angielskiego od I klasy,</li>



<li>zajęcia w pracowni komputerowej od I klasy,</li>



<li>opiekę w świetlicy szkolnej w godz. 7.50 &#8211; 16.10,</li>



<li>możliwość zjedzenia obiadu w stołówce,</li>



<li>sklepik szkolny.</li>
</ul>



<p><strong>Dla naszych uczniów organizujemy:</strong></p>



<ul class="wp-block-list">
<li>wyjazdy do kin, teatrów, muzeów,</li>



<li>ciekawe wycieczki, &#8222;zieloną szkołę&#8221;,</li>



<li>wyjazdy na basen.</li>
</ul>



<p><strong>Rodzice naszych uczniów chwalą:</strong></p>



<ul class="wp-block-list">
<li>&nbsp;&nbsp;&nbsp; wysoki poziom nauczania,</li>



<li>&nbsp;&nbsp;&nbsp; przyjazną, miłą atmosferę w szkole,</li>



<li>&nbsp;&nbsp;&nbsp; naukę języka angielskiego od pierwszej klasy,</li>



<li>&nbsp;&nbsp;&nbsp; naukę obsługi komputera od pierwszej klasy,</li>



<li>&nbsp;&nbsp;&nbsp; łatwy i dobry kontakt z nauczycielami,</li>



<li>&nbsp;&nbsp;&nbsp; bezpieczeństwo i opiekę nad dziećmi,</li>



<li>&nbsp;&nbsp;&nbsp; organizację zajęć i wycieczek.</li>
</ul>

<p>Dlaczego szkoła przyjemna i potrzebna? (&#8230;)&#8222;Szkoła myśli tylko o uczniu: każda sala,każda ławka, każdy kącik jest właśnie dla ucznia.Cały czas</p>
