{"id":1981,"date":"2024-02-05T10:10:03","date_gmt":"2024-02-05T09:10:03","guid":{"rendered":"https:\/\/sp2zelow.pl\/?page_id=1981"},"modified":"2025-10-21T20:24:37","modified_gmt":"2025-10-21T18:24:37","slug":"rada-pedagogiczna","status":"publish","type":"page","link":"https:\/\/sp2zelow.pl\/?page_id=1981","title":{"rendered":"Rada pedagogiczna"},"content":{"rendered":"\n<p class=\"has-xx-large-font-size\"><strong>Dyrekcja<\/strong><br>mgr Patrycja G\u0119barowska &#8211; dyrektor szko\u0142y<br>mgr Liliana Rogut &#8211; zast\u0119pca dyrektora szko\u0142y<\/p>\n\n\n\n<p class=\"has-large-font-size\"><strong>Kadra pedagogiczna<\/strong> (alfabetycznie)<br>mgr Berbelska Beata &#8211; nauczyciel wsp\u00f3\u0142organizuj\u0105cy proces kszta\u0142cenia, zaj\u0119cia rewalidacyjne<br>mgr Boczkiewicz Maria &#8211; j\u0119zyk angielski<br>mgr Bodnar Anna &#8211; wychowanie fizyczne, zaj\u0119cia rewalidacyjne<br>mgr Dziedzicz-Smolny Katarzyna &#8211; nauczyciel wsp\u00f3\u0142organizuj\u0105cy proces kszta\u0142cenia<br>mgr Ewa Kaczmarek &#8211; pedagog specjalny, nauczyciel wsp\u00f3\u0142organizuj\u0105cy proces kszta\u0142cenia, zaj\u0119cia rewalidacyjno &#8211; wychowawcze<br>mgr Gawlik Edyta &#8211; edukacja wczesnoszkolna, przyroda, edukacja zdrowotna, doradztwo zawodowe<br>mgr Patrycja G\u0119barowska &#8211; edukacja wczesnoszkolna<br>lic. Grzanka Joanna &#8211; matematyka, biblioteka<br>mgr Jachacz Ilona &#8211; j\u0119zyk niemiecki<br>mgr Jachimek Wioleta &#8211; chemia, edukacja zdrowotna<br>mgr Ja\u0144czyk Miros\u0142awa &#8211; nauczyciel wsp\u00f3\u0142organizuj\u0105cy proces kszta\u0142cenia, zaj\u0119cia rewalidacyjne<br>mgr Kimmer Iwona &#8211; edukacja wczesnoszkolna, muzyka<br>mgr Kmiecik Katarzyna &#8211; edukacja wczesnoszkolna, \u015bwietlica<br>mgr Krajda Wioleta &#8211; zaj\u0119cia rewalidacyjne, nauczyciel wsp\u00f3\u0142organizuj\u0105cy proces kszta\u0142cenia, zaj\u0119cia rewalidacyjno &#8211; wychowawcze<br>mgr in\u017c. Kurzydlak Tomasz &#8211; informatyka, \u015bwietlica<br>mgr \u0141uczy\u0144ska Monika &#8211; j\u0119zyk angielski, zaj\u0119cia rewalidacyjno &#8211; wychowawcze<br>mgr Majchrzak-W\u00f3jcik Renata &#8211; historia, \u015bwietlica, edukacja dla bezpiecze\u0144stwa, wiedza o spo\u0142ecze\u0144stwie<br>mgr Mielczarek Ma\u0142gorzata &#8211; nauczyciel wsp\u00f3\u0142organizuj\u0105cy proces kszta\u0142cenia, zaj\u0119cia rewalidacyjne<br>mgr Newill Ma\u0142gorzata &#8211; matematyka<br>mgr Pawe\u0142oszek Jacek &#8211; wychowanie fizyczne, technika<br>mgr Pawe\u0142oszek Joanna &#8211; j\u0119zyk polski<br>mgr Pelian Ma\u0142gorzata &#8211; religia, \u015bwietlica<br>mgr Pieczko Tomasz &#8211; religia<br>mgr Renata Kimmer &#8211; religia<br>mgr Rogut Liliana &#8211; edukacja wczesnoszkolna<br>mgr Rze\u017anicka Angelika &#8211; oddzia\u0142 przedszkolny<br>mgr Rzymska Kamila &#8211; plastyka<br>mgr Siedziako Ewa &#8211; j\u0119zyk polski, historia<br>mgr St\u0119pnik-Wilczek Anita &#8211; j\u0119zyk angielski<br>mgr in\u017c. Twardowski Jaros\u0142aw &#8211; technika<br>mgr Urbaniak Iwona &#8211; fizyka<br>mgr Witkowski Marcin &#8211; psycholog<br>mgr W\u0105sek Anna &#8211; nauczyciel wsp\u00f3\u0142organizuj\u0105cy proces kszta\u0142cenia, biblioteka, zaj\u0119cia rewalidacyjne<br>mgr Wolska Katarzyna &#8211; edukacja wczesnoszkolna, pedagog szkolny,<br>mgr Zochniak Renata &#8211; j\u0119zyk polski, historia<br>mgr \u017burek Marlena -biologia, geografia, zaj\u0119cia logopedyczne<\/p>\n","protected":false},"excerpt":{"rendered":"<p>Dyrekcjamgr Patrycja G\u0119barowska &#8211; dyrektor szko\u0142ymgr Liliana Rogut &#8211; zast\u0119pca dyrektora szko\u0142y Kadra pedagogiczna (alfabetycznie)mgr Berbelska Beata &#8211; nauczyciel wsp\u00f3\u0142organizuj\u0105cy<\/p>\n","protected":false},"author":1,"featured_media":0,"parent":0,"menu_order":0,"comment_status":"closed","ping_status":"closed","template":"","meta":{"colormag_page_container_layout":"default_layout","colormag_page_sidebar_layout":"default_layout","footnotes":""},"class_list":["post-1981","page","type-page","status-publish","hentry"],"_links":{"self":[{"href":"https:\/\/sp2zelow.pl\/index.php?rest_route=\/wp\/v2\/pages\/1981","targetHints":{"allow":["GET"]}}],"collection":[{"href":"https:\/\/sp2zelow.pl\/index.php?rest_route=\/wp\/v2\/pages"}],"about":[{"href":"https:\/\/sp2zelow.pl\/index.php?rest_route=\/wp\/v2\/types\/page"}],"author":[{"embeddable":true,"href":"https:\/\/sp2zelow.pl\/index.php?rest_route=\/wp\/v2\/users\/1"}],"replies":[{"embeddable":true,"href":"https:\/\/sp2zelow.pl\/index.php?rest_route=%2Fwp%2Fv2%2Fcomments&post=1981"}],"version-history":[{"count":4,"href":"https:\/\/sp2zelow.pl\/index.php?rest_route=\/wp\/v2\/pages\/1981\/revisions"}],"predecessor-version":[{"id":2659,"href":"https:\/\/sp2zelow.pl\/index.php?rest_route=\/wp\/v2\/pages\/1981\/revisions\/2659"}],"wp:attachment":[{"href":"https:\/\/sp2zelow.pl\/index.php?rest_route=%2Fwp%2Fv2%2Fmedia&parent=1981"}],"curies":[{"name":"wp","href":"https:\/\/api.w.org\/{rel}","templated":true}]}}

<p class="has-xx-large-font-size"><strong>Dyrekcja</strong><br>mgr Patrycja Gębarowska &#8211; dyrektor szkoły<br>mgr Liliana Rogut &#8211; zastępca dyrektora szkoły</p>



<p class="has-large-font-size"><strong>Kadra pedagogiczna</strong> (alfabetycznie)<br>mgr Berbelska Beata &#8211; nauczyciel współorganizujący proces kształcenia, zajęcia rewalidacyjne<br>mgr Boczkiewicz Maria &#8211; język angielski<br>mgr Bodnar Anna &#8211; wychowanie fizyczne, zajęcia rewalidacyjne<br>mgr Dziedzicz-Smolny Katarzyna &#8211; nauczyciel współorganizujący proces kształcenia<br>mgr Ewa Kaczmarek &#8211; pedagog specjalny, nauczyciel współorganizujący proces kształcenia, zajęcia rewalidacyjno &#8211; wychowawcze<br>mgr Gawlik Edyta &#8211; edukacja wczesnoszkolna, przyroda, edukacja zdrowotna, doradztwo zawodowe<br>mgr Patrycja Gębarowska &#8211; edukacja wczesnoszkolna<br>lic. Grzanka Joanna &#8211; matematyka, biblioteka<br>mgr Jachacz Ilona &#8211; język niemiecki<br>mgr Jachimek Wioleta &#8211; chemia, edukacja zdrowotna<br>mgr Jańczyk Mirosława &#8211; nauczyciel współorganizujący proces kształcenia, zajęcia rewalidacyjne<br>mgr Kimmer Iwona &#8211; edukacja wczesnoszkolna, muzyka<br>mgr Kmiecik Katarzyna &#8211; edukacja wczesnoszkolna, świetlica<br>mgr Krajda Wioleta &#8211; zajęcia rewalidacyjne, nauczyciel współorganizujący proces kształcenia, zajęcia rewalidacyjno &#8211; wychowawcze<br>mgr inż. Kurzydlak Tomasz &#8211; informatyka, świetlica<br>mgr Łuczyńska Monika &#8211; język angielski, zajęcia rewalidacyjno &#8211; wychowawcze<br>mgr Majchrzak-Wójcik Renata &#8211; historia, świetlica, edukacja dla bezpieczeństwa, wiedza o społeczeństwie<br>mgr Mielczarek Małgorzata &#8211; nauczyciel współorganizujący proces kształcenia, zajęcia rewalidacyjne<br>mgr Newill Małgorzata &#8211; matematyka<br>mgr Pawełoszek Jacek &#8211; wychowanie fizyczne, technika<br>mgr Pawełoszek Joanna &#8211; język polski<br>mgr Pelian Małgorzata &#8211; religia, świetlica<br>mgr Pieczko Tomasz &#8211; religia<br>mgr Renata Kimmer &#8211; religia<br>mgr Rogut Liliana &#8211; edukacja wczesnoszkolna<br>mgr Rzeźnicka Angelika &#8211; oddział przedszkolny<br>mgr Rzymska Kamila &#8211; plastyka<br>mgr Siedziako Ewa &#8211; język polski, historia<br>mgr Stępnik-Wilczek Anita &#8211; język angielski<br>mgr inż. Twardowski Jarosław &#8211; technika<br>mgr Urbaniak Iwona &#8211; fizyka<br>mgr Witkowski Marcin &#8211; psycholog<br>mgr Wąsek Anna &#8211; nauczyciel współorganizujący proces kształcenia, biblioteka, zajęcia rewalidacyjne<br>mgr Wolska Katarzyna &#8211; edukacja wczesnoszkolna, pedagog szkolny,<br>mgr Zochniak Renata &#8211; język polski, historia<br>mgr Żurek Marlena -biologia, geografia, zajęcia logopedyczne</p>

<p>Dyrekcjamgr Patrycja Gębarowska &#8211; dyrektor szkołymgr Liliana Rogut &#8211; zastępca dyrektora szkoły Kadra pedagogiczna (alfabetycznie)mgr Berbelska Beata &#8211; nauczyciel współorganizujący</p>
