{"id":1987,"date":"2024-02-05T10:16:53","date_gmt":"2024-02-05T09:16:53","guid":{"rendered":"https:\/\/sp2zelow.pl\/?page_id=1987"},"modified":"2025-10-21T20:11:07","modified_gmt":"2025-10-21T18:11:07","slug":"kalendarz-uroczystosci","status":"publish","type":"page","link":"https:\/\/sp2zelow.pl\/?page_id=1987","title":{"rendered":"Kalendarz uroczysto\u015bci"},"content":{"rendered":"\n<p>Kalendarz imprez i uroczysto\u015bci SP nr 2 w Zelowie w roku szkolnym 2025\/2026<\/p>\n\n\n\n<p>02.09.2025 &#8211; Inauguracja roku szkolnego 2025\/2026 (Klasy: 0-VIII)<\/p>\n\n\n\n<p>05.09.2025 &#8211; Narodowe Czytanie Jan Kochanowski POEZJE (Klasy: I-VIII)<\/p>\n\n\n\n<p>14.09.2025 &#8211; 8 Charytatywny \u017belowski Marsz o Cze\u0144ko &#8211; Utworzenie strefy Kibica SP2 (Klasy: I-VIII)<\/p>\n\n\n\n<p>16.09.2025 &#8211; Mi\u0119dzynarodowy Dzie\u0144 Kropki (Klasy: 0-III)<\/p>\n\n\n\n<p>25.09.2025 &#8211; Dzie\u0144 Pieczonego Ziemniaka &#8211; Zaj\u0119cia dla delegacji uczni\u00f3w i nauczycieli z Czech (Klasy: 0-VIII)<\/p>\n\n\n\n<p>19.09.2025 &#8211; Og\u00f3lnopolski Dzie\u0144 Przedszkolaka (Klasy: 0)<\/p>\n\n\n\n<p>26.09.2025 &#8211; Og\u00f3lnopolski Dzie\u0144 G\u0142o\u015bnego Czytania (Klasy: 0-VIII)<\/p>\n\n\n\n<p>01.10.2025 &#8211; \u015awiatowy Dzie\u0144 Muzyki (Klasy: 0-VIII)<\/p>\n\n\n\n<p>03.10.2025 &#8211; Dzie\u0144 Zwierz\u0105t (Klasy: 0-VIII)<\/p>\n\n\n\n<p>03.10.2025 &#8211; Dzie\u0144 U\u015bmiechu (Klasy: 0-VIII)<\/p>\n\n\n\n<p>17.10.2025 &#8211; Pasowanie na Przedszkolaka (Klasy: 0)<\/p>\n\n\n\n<p>14.10.2025 &#8211; Dzie\u0144 Edukacji Narodowej (Klasy: 0-VIII)<\/p>\n\n\n\n<p>10.2025 &#8211; Dzie\u0144 Owoc\u00f3w i Warzyw &#8211; Happening \u017byj zdrowo, \u0107wicz i jedz kolorowo (Klasy: 0-III)<\/p>\n\n\n\n<p>24.10.2025 &#8211; \u015alubowanie uczni\u00f3w klas pierwszych (Klasy: I)<\/p>\n\n\n\n<p>07.11.2025 &#8211; XXVI Szkolny Konkurs Pie\u015bni Patriotycznej &#8211; Narodowe \u015awi\u0119to Niepodleg\u0142o\u015bci (Klasy: 0-VIII)<\/p>\n\n\n\n<p>14.11.2025 &#8211; \u015awiatowy Dzie\u0144 Tabliczki Mno\u017cenia (Klasy: I-VIII)<\/p>\n\n\n\n<p>21.11.2025 &#8211; Dzie\u0144 \u017byczliwo\u015bci i Pozdrowie\u0144 (Klasy: 0-VIII)<\/p>\n\n\n\n<p>21.11.2025 &#8211; Dzie\u0144 Kredki (Klasy: 0-III)<\/p>\n\n\n\n<p>25.11.2025 &#8211; \u015awiatowy Dzie\u0144 Pluszowego Misia (Klasy: 0-III)<\/p>\n\n\n\n<p>03.12.2025 &#8211; \u015awiatowy Dzie\u0144 Os\u00f3b Niepe\u0142nosprawnych (Klasy: 0-VIII)<\/p>\n\n\n\n<p>12.2025 &#8211; Warsztaty taneczne z Miko\u0142ajem (Klasy: 0-III)<\/p>\n\n\n\n<p>12.2025 &#8211; Jarmark Bo\u017conarodzeniowy (Klasy: 0-VIII)<\/p>\n\n\n\n<p>X-XII 2025 &#8211; Szkolny Turniej Tenisa Sto\u0142owego (Klasy: I-VIII)<\/p>\n\n\n\n<p>16.12.2025 &#8211; Jase\u0142ka (Klasy: 0-VIII)<\/p>\n\n\n\n<p>21-22.01.2026 &#8211; Dzie\u0144 Babci i Dziadka (Klasy: 0-III)<\/p>\n\n\n\n<p>30.01.2026 &#8211; Bal Karnawa\u0142owy (Klasy: I-VIII)<\/p>\n\n\n\n<p>01.2026 &#8211; Dzie\u0144 Otwarty Szko\u0142y (Klasy: 0-VIII)<\/p>\n\n\n\n<p>16-20.02.2025 &#8211; Tydzie\u0144 Bezpiecznego Internetu (Klasy: 0-VIII)<\/p>\n\n\n\n<p>19.02.2026 &#8211; Bal Karnawa\u0142owy z Przedszkolakami (Klasy: 0-III)<\/p>\n\n\n\n<p>05.03.2026 &#8211; Mi\u0119dzynarodowy Dzie\u0144 J\u0119zyka Ojczystego (Klasy: 0-VIII)<\/p>\n\n\n\n<p>13.03.2026 &#8211; Dzie\u0144 Matematyki &#8211; \u015awiatowy Dzie\u0144 Liczby Pi (Klasy: I-VIII)<\/p>\n\n\n\n<p>24.03.2026 &#8211; \u015awi\u0119to Patrona Szko\u0142y (Klasy: 0-VIII)<\/p>\n\n\n\n<p>31.03.2026 &#8211; Dzie\u0144 \u015awiadomo\u015bci Autyzmu &#8211; Na niebiesko dla autyzmu (Klasy: 0-VIII)<\/p>\n\n\n\n<p>02.04.2026 &#8211; Dzie\u0144 Ksi\u0105\u017cki dla Dziecka (Klasy: 0-VIII)<\/p>\n\n\n\n<p>04.2026 &#8211; Kiermasz Wielkanocny (Klasy: 0-VIII)<\/p>\n\n\n\n<p>04.2026 &#8211; Akcja \u017bonkile z Muzeum Historii \u017byd\u00f3w Polskich Polin (Klasy: IV-VIII)<\/p>\n\n\n\n<p>22.04.2026 &#8211; Dzie\u0144 Ziemi &#8211; piknik origami (Klasy: 0-VIII)<\/p>\n\n\n\n<p>23.04.2026 &#8211; Dzie\u0144 Ksi\u0105\u017cki i Praw Autorskich (Klasy: IV-VIII)<\/p>\n\n\n\n<p>30.04.2026 &#8211; Rocznica uchwalenia Konstytucji 3 Maja &#8211; kotyliony uczniowie (Klasy: 0-VIII)<\/p>\n\n\n\n<p>30.05.2026 &#8211; Dzie\u0144 Dziecka, \u015awi\u0119to Sportu (Klasy: 0-VIII)<\/p>\n\n\n\n<p>05.2026 &#8211; Piknik Rodzinny w szkolnym ogrodzie (Klasy: 0-VIII)<\/p>\n\n\n\n<p>05.2026 &#8211; Kiermasz Ksi\u0105\u017cki Przeczytanej (Klasy: I-VIII)<\/p>\n\n\n\n<p>12.06.2026 &#8211; Dzie\u0144 Mamy i Taty (Klasy: 0-VIII)<\/p>\n\n\n\n<p>24.06.2026 &#8211; Dzie\u0144 smoklasisty &#8211; zako\u0144czenie klas VIII (Klasy: VIIIab)<\/p>\n\n\n\n<p>25.06.2026 &#8211; Zako\u0144czenie roku szkolnego w Oddziale Przedszkolnym (Klasy: 0)<\/p>\n\n\n\n<p>25.06.2026 &#8211; XIX Szkolny Przegl\u0105d Piosenki Wakacyjnej i Turystycznej (Klasy: I-VIII)<\/p>\n\n\n\n<p>06.2026 &#8211; III Plebiscyt na Sportowca Roku (Klasy: IV-VIII)<\/p>\n","protected":false},"excerpt":{"rendered":"<p>Kalendarz imprez i uroczysto\u015bci SP nr 2 w Zelowie w roku szkolnym 2025\/2026 02.09.2025 &#8211; Inauguracja roku szkolnego 2025\/2026 (Klasy:<\/p>\n","protected":false},"author":1,"featured_media":0,"parent":0,"menu_order":0,"comment_status":"closed","ping_status":"closed","template":"","meta":{"colormag_page_container_layout":"default_layout","colormag_page_sidebar_layout":"default_layout","footnotes":""},"class_list":["post-1987","page","type-page","status-publish","hentry"],"_links":{"self":[{"href":"https:\/\/sp2zelow.pl\/index.php?rest_route=\/wp\/v2\/pages\/1987","targetHints":{"allow":["GET"]}}],"collection":[{"href":"https:\/\/sp2zelow.pl\/index.php?rest_route=\/wp\/v2\/pages"}],"about":[{"href":"https:\/\/sp2zelow.pl\/index.php?rest_route=\/wp\/v2\/types\/page"}],"author":[{"embeddable":true,"href":"https:\/\/sp2zelow.pl\/index.php?rest_route=\/wp\/v2\/users\/1"}],"replies":[{"embeddable":true,"href":"https:\/\/sp2zelow.pl\/index.php?rest_route=%2Fwp%2Fv2%2Fcomments&post=1987"}],"version-history":[{"count":3,"href":"https:\/\/sp2zelow.pl\/index.php?rest_route=\/wp\/v2\/pages\/1987\/revisions"}],"predecessor-version":[{"id":2657,"href":"https:\/\/sp2zelow.pl\/index.php?rest_route=\/wp\/v2\/pages\/1987\/revisions\/2657"}],"wp:attachment":[{"href":"https:\/\/sp2zelow.pl\/index.php?rest_route=%2Fwp%2Fv2%2Fmedia&parent=1987"}],"curies":[{"name":"wp","href":"https:\/\/api.w.org\/{rel}","templated":true}]}}

Kalendarz uroczystości

<p>Kalendarz imprez i uroczystości SP nr 2 w Zelowie w roku szkolnym 2025/2026</p>



<p>02.09.2025 &#8211; Inauguracja roku szkolnego 2025/2026 (Klasy: 0-VIII)</p>



<p>05.09.2025 &#8211; Narodowe Czytanie Jan Kochanowski POEZJE (Klasy: I-VIII)</p>



<p>14.09.2025 &#8211; 8 Charytatywny Żelowski Marsz o Czeńko &#8211; Utworzenie strefy Kibica SP2 (Klasy: I-VIII)</p>



<p>16.09.2025 &#8211; Międzynarodowy Dzień Kropki (Klasy: 0-III)</p>



<p>25.09.2025 &#8211; Dzień Pieczonego Ziemniaka &#8211; Zajęcia dla delegacji uczniów i nauczycieli z Czech (Klasy: 0-VIII)</p>



<p>19.09.2025 &#8211; Ogólnopolski Dzień Przedszkolaka (Klasy: 0)</p>



<p>26.09.2025 &#8211; Ogólnopolski Dzień Głośnego Czytania (Klasy: 0-VIII)</p>



<p>01.10.2025 &#8211; Światowy Dzień Muzyki (Klasy: 0-VIII)</p>



<p>03.10.2025 &#8211; Dzień Zwierząt (Klasy: 0-VIII)</p>



<p>03.10.2025 &#8211; Dzień Uśmiechu (Klasy: 0-VIII)</p>



<p>17.10.2025 &#8211; Pasowanie na Przedszkolaka (Klasy: 0)</p>



<p>14.10.2025 &#8211; Dzień Edukacji Narodowej (Klasy: 0-VIII)</p>



<p>10.2025 &#8211; Dzień Owoców i Warzyw &#8211; Happening Żyj zdrowo, ćwicz i jedz kolorowo (Klasy: 0-III)</p>



<p>24.10.2025 &#8211; Ślubowanie uczniów klas pierwszych (Klasy: I)</p>



<p>07.11.2025 &#8211; XXVI Szkolny Konkurs Pieśni Patriotycznej &#8211; Narodowe Święto Niepodległości (Klasy: 0-VIII)</p>



<p>14.11.2025 &#8211; Światowy Dzień Tabliczki Mnożenia (Klasy: I-VIII)</p>



<p>21.11.2025 &#8211; Dzień Życzliwości i Pozdrowień (Klasy: 0-VIII)</p>



<p>21.11.2025 &#8211; Dzień Kredki (Klasy: 0-III)</p>



<p>25.11.2025 &#8211; Światowy Dzień Pluszowego Misia (Klasy: 0-III)</p>



<p>03.12.2025 &#8211; Światowy Dzień Osób Niepełnosprawnych (Klasy: 0-VIII)</p>



<p>12.2025 &#8211; Warsztaty taneczne z Mikołajem (Klasy: 0-III)</p>



<p>12.2025 &#8211; Jarmark Bożonarodzeniowy (Klasy: 0-VIII)</p>



<p>X-XII 2025 &#8211; Szkolny Turniej Tenisa Stołowego (Klasy: I-VIII)</p>



<p>16.12.2025 &#8211; Jasełka (Klasy: 0-VIII)</p>



<p>21-22.01.2026 &#8211; Dzień Babci i Dziadka (Klasy: 0-III)</p>



<p>30.01.2026 &#8211; Bal Karnawałowy (Klasy: I-VIII)</p>



<p>01.2026 &#8211; Dzień Otwarty Szkoły (Klasy: 0-VIII)</p>



<p>16-20.02.2025 &#8211; Tydzień Bezpiecznego Internetu (Klasy: 0-VIII)</p>



<p>19.02.2026 &#8211; Bal Karnawałowy z Przedszkolakami (Klasy: 0-III)</p>



<p>05.03.2026 &#8211; Międzynarodowy Dzień Języka Ojczystego (Klasy: 0-VIII)</p>



<p>13.03.2026 &#8211; Dzień Matematyki &#8211; Światowy Dzień Liczby Pi (Klasy: I-VIII)</p>



<p>24.03.2026 &#8211; Święto Patrona Szkoły (Klasy: 0-VIII)</p>



<p>31.03.2026 &#8211; Dzień Świadomości Autyzmu &#8211; Na niebiesko dla autyzmu (Klasy: 0-VIII)</p>



<p>02.04.2026 &#8211; Dzień Książki dla Dziecka (Klasy: 0-VIII)</p>



<p>04.2026 &#8211; Kiermasz Wielkanocny (Klasy: 0-VIII)</p>



<p>04.2026 &#8211; Akcja Żonkile z Muzeum Historii Żydów Polskich Polin (Klasy: IV-VIII)</p>



<p>22.04.2026 &#8211; Dzień Ziemi &#8211; piknik origami (Klasy: 0-VIII)</p>



<p>23.04.2026 &#8211; Dzień Książki i Praw Autorskich (Klasy: IV-VIII)</p>



<p>30.04.2026 &#8211; Rocznica uchwalenia Konstytucji 3 Maja &#8211; kotyliony uczniowie (Klasy: 0-VIII)</p>



<p>30.05.2026 &#8211; Dzień Dziecka, Święto Sportu (Klasy: 0-VIII)</p>



<p>05.2026 &#8211; Piknik Rodzinny w szkolnym ogrodzie (Klasy: 0-VIII)</p>



<p>05.2026 &#8211; Kiermasz Książki Przeczytanej (Klasy: I-VIII)</p>



<p>12.06.2026 &#8211; Dzień Mamy i Taty (Klasy: 0-VIII)</p>



<p>24.06.2026 &#8211; Dzień smoklasisty &#8211; zakończenie klas VIII (Klasy: VIIIab)</p>



<p>25.06.2026 &#8211; Zakończenie roku szkolnego w Oddziale Przedszkolnym (Klasy: 0)</p>



<p>25.06.2026 &#8211; XIX Szkolny Przegląd Piosenki Wakacyjnej i Turystycznej (Klasy: I-VIII)</p>



<p>06.2026 &#8211; III Plebiscyt na Sportowca Roku (Klasy: IV-VIII)</p>

<p>Kalendarz imprez i uroczystości SP nr 2 w Zelowie w roku szkolnym 2025/2026 02.09.2025 &#8211; Inauguracja roku szkolnego 2025/2026 (Klasy:</p>
