{"id":2013,"date":"2024-02-05T10:41:35","date_gmt":"2024-02-05T09:41:35","guid":{"rendered":"https:\/\/sp2zelow.pl\/?page_id=2013"},"modified":"2024-03-25T18:54:42","modified_gmt":"2024-03-25T17:54:42","slug":"dla-rodzicow","status":"publish","type":"page","link":"https:\/\/sp2zelow.pl\/?page_id=2013","title":{"rendered":"Dla rodzic\u00f3w"},"content":{"rendered":"\n<p>Rekrutacja<\/p>\n\n\n\n<p>\u015awietlica szkolna<\/p>\n\n\n\n<p>Dojazdy uczni\u00f3w<\/p>\n\n\n\n<p>Wykaz podr\u0119cznik\u00f3w<\/p>\n","protected":false},"excerpt":{"rendered":"<p>Rekrutacja \u015awietlica szkolna Dojazdy uczni\u00f3w Wykaz podr\u0119cznik\u00f3w<\/p>\n","protected":false},"author":1,"featured_media":0,"parent":0,"menu_order":0,"comment_status":"closed","ping_status":"closed","template":"","meta":{"colormag_page_container_layout":"default_layout","colormag_page_sidebar_layout":"default_layout","footnotes":""},"class_list":["post-2013","page","type-page","status-publish","hentry"],"_links":{"self":[{"href":"https:\/\/sp2zelow.pl\/index.php?rest_route=\/wp\/v2\/pages\/2013","targetHints":{"allow":["GET"]}}],"collection":[{"href":"https:\/\/sp2zelow.pl\/index.php?rest_route=\/wp\/v2\/pages"}],"about":[{"href":"https:\/\/sp2zelow.pl\/index.php?rest_route=\/wp\/v2\/types\/page"}],"author":[{"embeddable":true,"href":"https:\/\/sp2zelow.pl\/index.php?rest_route=\/wp\/v2\/users\/1"}],"replies":[{"embeddable":true,"href":"https:\/\/sp2zelow.pl\/index.php?rest_route=%2Fwp%2Fv2%2Fcomments&post=2013"}],"version-history":[{"count":3,"href":"https:\/\/sp2zelow.pl\/index.php?rest_route=\/wp\/v2\/pages\/2013\/revisions"}],"predecessor-version":[{"id":2229,"href":"https:\/\/sp2zelow.pl\/index.php?rest_route=\/wp\/v2\/pages\/2013\/revisions\/2229"}],"wp:attachment":[{"href":"https:\/\/sp2zelow.pl\/index.php?rest_route=%2Fwp%2Fv2%2Fmedia&parent=2013"}],"curies":[{"name":"wp","href":"https:\/\/api.w.org\/{rel}","templated":true}]}}