{"id":2044,"date":"2024-02-05T14:41:42","date_gmt":"2024-02-05T13:41:42","guid":{"rendered":"https:\/\/sp2zelow.pl\/?page_id=2044"},"modified":"2024-03-25T14:42:10","modified_gmt":"2024-03-25T13:42:10","slug":"kolo-wolontariatu","status":"publish","type":"page","link":"https:\/\/sp2zelow.pl\/?page_id=2044","title":{"rendered":"Ko\u0142o wolontariatu"},"content":{"rendered":"\n<p>Nasi uczniowie w\u0142\u0105czyli si\u0119 w nast\u0119puj\u0105ce akcje:<\/p>\n\n\n\n<ul class=\"wp-block-list\">\n<li>Zbi\u00f3rk\u0119 dla zwierz\u0105t ze schroniska. Akcja ta po raz kolejny spotka\u0142a si\u0119 z ogromnym zaanga\u017cowaniem ze strony uczestnik\u00f3w. Nasi uczniowie okazali dobroduszno\u015b\u0107 i ch\u0119\u0107 niesienia pomocy innym. Podarowali czworonogom to wszystko, co niezb\u0119dne w ich funkcjonowaniu.<\/li>\n\n\n\n<li>Zbi\u00f3rka dla potrzebuj\u0105cych dzieci z Ukrainy. I w tym przypadku uczniowie nie zawiedli, udowodnili, &nbsp;\u017ce potrafi\u0105 dzieli\u0107 si\u0119 z innymi. Do ich r\u00f3wie\u015bnik\u00f3w trafi du\u017ca ilo\u015b\u0107 odzie\u017cy, \u015brodk\u00f3w czysto\u015bci, przybor\u00f3w szkolnych, zabawek.<\/li>\n\n\n\n<li>\u201eSzlachetn\u0105 Paczk\u0119\u201d. To spo\u0142eczny projekt o og\u00f3lnopolskim zasi\u0119gu, kt\u00f3rego celem jest materialna pomoc rodzinom i osobom&nbsp; znajduj\u0105cym si\u0119 w trudnej sytuacji \u017cyciowej. Dzi\u0119ki hojno\u015bci naszych uczni\u00f3w i ich rodzic\u00f3w uda\u0142o si\u0119 zrealizowa\u0107 wi\u0119kszo\u015b\u0107 potrzeb rodziny, kt\u00f3ra znajduje si\u0119 w nie\u0142atwym po\u0142o\u017ceniu \u2013 samotna matka wychowuj\u0105ca niepe\u0142nosprawne dziecko.<\/li>\n\n\n\n<li>\u201eDrzewko serc\u201d to kolejna&nbsp; akcja charytatywna, w kt\u00f3rej uczestniczy\u0142a nasza szko\u0142a. Jej celem jest fundowanie prezent\u00f3w dla dzieci z rodzin borykaj\u0105cymi si\u0119 z problemami materialnymi.<\/li>\n\n\n\n<li><em>Jase\u0142ka bo\u017conarodzeniowe&nbsp;<\/em>po\u0142\u0105czone z koncertem Zelowskich Dzwonk\u00f3w oraz kiermaszem ozd\u00f3b \u015bwi\u0105tecznych, gdzie wolontariusze ze szkolnego samorz\u0105du b\u0119d\u0105 dwoi\u0107 si\u0119 i troi\u0107, aby w ka\u017cdym zelowskim domu pojawi\u0142a si\u0119 cho\u0107 najdrobniejsza rzecz wykonana w\u0142asnor\u0119cznie przez naszych uczni\u00f3w.<\/li>\n<\/ul>\n\n\n\n<p>&nbsp; &nbsp; Podj\u0119te dzia\u0142ania s\u0105 dowodem tego, jak wiele rado\u015bci i satysfakcji daje pomaganie innym. Sprawia, \u017ce czujemy si\u0119 potrzebni.<\/p>\n","protected":false},"excerpt":{"rendered":"<p>Nasi uczniowie w\u0142\u0105czyli si\u0119 w nast\u0119puj\u0105ce akcje: &nbsp; &nbsp; Podj\u0119te dzia\u0142ania s\u0105 dowodem tego, jak wiele rado\u015bci i satysfakcji daje<\/p>\n","protected":false},"author":1,"featured_media":0,"parent":0,"menu_order":0,"comment_status":"closed","ping_status":"closed","template":"","meta":{"colormag_page_container_layout":"no_sidebar_full_width","colormag_page_sidebar_layout":"right_sidebar","footnotes":""},"class_list":["post-2044","page","type-page","status-publish","hentry"],"_links":{"self":[{"href":"https:\/\/sp2zelow.pl\/index.php?rest_route=\/wp\/v2\/pages\/2044","targetHints":{"allow":["GET"]}}],"collection":[{"href":"https:\/\/sp2zelow.pl\/index.php?rest_route=\/wp\/v2\/pages"}],"about":[{"href":"https:\/\/sp2zelow.pl\/index.php?rest_route=\/wp\/v2\/types\/page"}],"author":[{"embeddable":true,"href":"https:\/\/sp2zelow.pl\/index.php?rest_route=\/wp\/v2\/users\/1"}],"replies":[{"embeddable":true,"href":"https:\/\/sp2zelow.pl\/index.php?rest_route=%2Fwp%2Fv2%2Fcomments&post=2044"}],"version-history":[{"count":2,"href":"https:\/\/sp2zelow.pl\/index.php?rest_route=\/wp\/v2\/pages\/2044\/revisions"}],"predecessor-version":[{"id":2094,"href":"https:\/\/sp2zelow.pl\/index.php?rest_route=\/wp\/v2\/pages\/2044\/revisions\/2094"}],"wp:attachment":[{"href":"https:\/\/sp2zelow.pl\/index.php?rest_route=%2Fwp%2Fv2%2Fmedia&parent=2044"}],"curies":[{"name":"wp","href":"https:\/\/api.w.org\/{rel}","templated":true}]}}

Koło wolontariatu

<p>Nasi uczniowie włączyli się w następujące akcje:</p>



<ul class="wp-block-list">
<li>Zbiórkę dla zwierząt ze schroniska. Akcja ta po raz kolejny spotkała się z ogromnym zaangażowaniem ze strony uczestników. Nasi uczniowie okazali dobroduszność i chęć niesienia pomocy innym. Podarowali czworonogom to wszystko, co niezbędne w ich funkcjonowaniu.</li>



<li>Zbiórka dla potrzebujących dzieci z Ukrainy. I w tym przypadku uczniowie nie zawiedli, udowodnili, &nbsp;że potrafią dzielić się z innymi. Do ich rówieśników trafi duża ilość odzieży, środków czystości, przyborów szkolnych, zabawek.</li>



<li>„Szlachetną Paczkę”. To społeczny projekt o ogólnopolskim zasięgu, którego celem jest materialna pomoc rodzinom i osobom&nbsp; znajdującym się w trudnej sytuacji życiowej. Dzięki hojności naszych uczniów i ich rodziców udało się zrealizować większość potrzeb rodziny, która znajduje się w niełatwym położeniu – samotna matka wychowująca niepełnosprawne dziecko.</li>



<li>„Drzewko serc” to kolejna&nbsp; akcja charytatywna, w której uczestniczyła nasza szkoła. Jej celem jest fundowanie prezentów dla dzieci z rodzin borykającymi się z problemami materialnymi.</li>



<li><em>Jasełka bożonarodzeniowe&nbsp;</em>połączone z koncertem Zelowskich Dzwonków oraz kiermaszem ozdób świątecznych, gdzie wolontariusze ze szkolnego samorządu będą dwoić się i troić, aby w każdym zelowskim domu pojawiła się choć najdrobniejsza rzecz wykonana własnoręcznie przez naszych uczniów.</li>
</ul>



<p>&nbsp; &nbsp; Podjęte działania są dowodem tego, jak wiele radości i satysfakcji daje pomaganie innym. Sprawia, że czujemy się potrzebni.</p>

<p>Nasi uczniowie włączyli się w następujące akcje: &nbsp; &nbsp; Podjęte działania są dowodem tego, jak wiele radości i satysfakcji daje</p>
