{"id":2046,"date":"2024-02-05T14:41:58","date_gmt":"2024-02-05T13:41:58","guid":{"rendered":"https:\/\/sp2zelow.pl\/?page_id=2046"},"modified":"2026-02-04T08:40:54","modified_gmt":"2026-02-04T07:40:54","slug":"rekrutacja","status":"publish","type":"page","link":"https:\/\/sp2zelow.pl\/?page_id=2046","title":{"rendered":"Rekrutacja"},"content":{"rendered":"\n<p>Uchwa\u0142a nr V\/41\/2019 w sprawie okre\u015blenia kryteri\u00f3w stosowanych w post\u0119powaniu rekrutacyjnym do publicznych przedszkoli, oddzia\u0142\u00f3w przedszkolnych i innych form wychowania przedszkolnego przy szko\u0142ach podstawowych prowadzonych przez Gmin\u0119 Zel\u00f3w<\/p>\n\n\n\n<p>Uchwa\u0142a nr VI\/60\/2019 w sprawie zmiany uchwa\u0142y w sprawie okre\u015blenia kryteri\u00f3w stosowanych w post\u0119powaniu rekrutacyjnym do publicznych przedszkoli, oddzia\u0142\u00f3w przedszkolnych i innych form wychowania przedszkolnego przy szko\u0142ach podstawowych prowadzonych przez Gmin\u0119 Zel\u00f3w<\/p>\n\n\n\n<p>Zarz\u0105dzenie Burmistrza i harmonogram post\u0119powania rekrutacyjnego do oddzia\u0142\u00f3w przedszkolnych<\/p>\n\n\n\n<p><a href=\"https:\/\/sp2zelow.pl\/wp-content\/uploads\/2014\/08\/regulamin_oddzial-916.docx\" data-type=\"attachment\" data-id=\"58\">Regulamin rekrutacji dziecka do oddzia\u0142u przedszkolnego<\/a><\/p>\n\n\n\n<p><a href=\"https:\/\/sp2zelow.pl\/wp-content\/uploads\/2026\/01\/2026-wniosek-o-przyjecie-dziecka-do-oddzialu-przedszkolnego.docx\" data-type=\"link\" data-id=\"https:\/\/sp2zelow.pl\/wp-content\/uploads\/2026\/01\/2026-wniosek-o-przyjecie-dziecka-do-oddzialu-przedszkolnego.docx\">Wniosek o przyj\u0119cie dziecka do oddzia\u0142u przedszkolnego<\/a><\/p>\n\n\n\n<p><a href=\"https:\/\/sp2zelow.pl\/wp-content\/uploads\/2026\/01\/2026-deklaracja-o-kontynowaniu-OP.doc\">Deklaracja o kontynuowaniu wychowania przedszkolnego<\/a><\/p>\n\n\n\n<p><a href=\"https:\/\/sp2zelow.pl\/wp-content\/uploads\/2026\/01\/2026-Oswiadczenie-samotnie-wychowujaca-przedszkole.doc\">O\u015bwiadczenie (samotnie wychowuj\u0105ca dziecko)<\/a><\/p>\n\n\n\n<p><a href=\"https:\/\/sp2zelow.pl\/wp-content\/uploads\/2026\/01\/2026-oswiadczenie-o-wielodzietnosci-OP.doc\">O\u015bwiadczenie (wielodzietno\u015b\u0107)<\/a><\/p>\n\n\n\n<p><a href=\"https:\/\/sp2zelow.pl\/wp-content\/uploads\/2026\/01\/2026-Obowiazek-informacyjny-rekrutacja-dzieci-i-przyjecie_SP2_Zelow.docx\">Obowi\u0105zek informacyjny o przetwarzaniu danych osobowych<\/a><\/p>\n\n\n\n<p><\/p>\n\n\n\n<p><\/p>\n\n\n\n<p><strong>KLASA PIERWSZA&nbsp;<\/strong><\/p>\n\n\n\n<p>Uchwa\u0142a nr V\/42\/2019 w sprawie okre\u015blenia kryteri\u00f3w rekrutacji do pierwszych klas publicznych szk\u00f3\u0142 podstawowych dla dzieci zamieszka\u0142ych poza obwodem danej szko\u0142y podstawowej, dla kt\u00f3rej organem prowadz\u0105cym jest Gmina Zel\u00f3w<\/p>\n\n\n\n<p>Zarz\u0105dzenie Burmistrza i harmonogram post\u0119powania rekrutacyjnego do klasy pierwszej<\/p>\n\n\n\n<p><a href=\"https:\/\/sp2zelow.pl\/wp-content\/uploads\/2014\/08\/regulamin_pierwsza-381.doc\" data-type=\"attachment\" data-id=\"64\">Regulamin rekrutacji dziecka do klasy pierwszej<\/a><\/p>\n\n\n\n<p><a href=\"https:\/\/sp2zelow.pl\/wp-content\/uploads\/2026\/01\/2026-wniosek-o-przyjecie-do-klasy-1.docx\">Wniosek o przyj\u0119cie dziecka do klasy pierwszej Szko\u0142y Podstawowej nr 2 w Zelowie<\/a><\/p>\n\n\n\n<p><a href=\"https:\/\/sp2zelow.pl\/wp-content\/uploads\/2026\/01\/2026-zgloszenie-dziecka-z-obwodu-do-klasy-I.docx\">Zg\u0142oszenie o przyj\u0119ciu dziecka do klasy pierwszej z obwodu Szko\u0142y Podstawowej nr 2 w Zelowie<\/a><\/p>\n\n\n\n<p><a href=\"https:\/\/sp2zelow.pl\/wp-content\/uploads\/2026\/01\/2026-oswiadczenie-krewni-w-obwodzie-klasy-kl.-1.docx\">O\u015bwiadczenie o krewnych zamieszkanych w obwodzie Sp2<\/a><\/p>\n\n\n\n<p><\/p>\n\n\n\n<p><a href=\"https:\/\/sp2zelow.pl\/wp-content\/uploads\/2026\/01\/2026-Obowiazek-informacyjny-rekrutacja-dzieci-i-przyjecie_SP2_Zelow.docx\">Obowi\u0105zek informacyjny o przetwarzaniu danych osobowych<\/a><\/p>\n\n\n\n<p><\/p>\n\n\n\n<p>Wnioski i deklaracje mo\u017cna pobra\u0107 w sekretariacie szko\u0142y.<\/p>\n\n\n\n<p><strong>Wnioski mo\u017cna sk\u0142ada\u0107 od 9 lutego 2026 r.<\/strong><\/p>\n\n\n\n<pre class=\"wp-block-code\"><code>W razie pyta\u0144 lub w\u0105tpliwo\u015bci prosimy o kontakt osobisty lub telefoniczny w godzinach 8.00-15.00.<\/code><\/pre>\n","protected":false},"excerpt":{"rendered":"<p>Uchwa\u0142a nr V\/41\/2019 w sprawie okre\u015blenia kryteri\u00f3w stosowanych w post\u0119powaniu rekrutacyjnym do publicznych przedszkoli, oddzia\u0142\u00f3w przedszkolnych i innych form wychowania<\/p>\n","protected":false},"author":1,"featured_media":0,"parent":0,"menu_order":0,"comment_status":"closed","ping_status":"closed","template":"","meta":{"colormag_page_container_layout":"default_layout","colormag_page_sidebar_layout":"default_layout","footnotes":""},"class_list":["post-2046","page","type-page","status-publish","hentry"],"_links":{"self":[{"href":"https:\/\/sp2zelow.pl\/index.php?rest_route=\/wp\/v2\/pages\/2046","targetHints":{"allow":["GET"]}}],"collection":[{"href":"https:\/\/sp2zelow.pl\/index.php?rest_route=\/wp\/v2\/pages"}],"about":[{"href":"https:\/\/sp2zelow.pl\/index.php?rest_route=\/wp\/v2\/types\/page"}],"author":[{"embeddable":true,"href":"https:\/\/sp2zelow.pl\/index.php?rest_route=\/wp\/v2\/users\/1"}],"replies":[{"embeddable":true,"href":"https:\/\/sp2zelow.pl\/index.php?rest_route=%2Fwp%2Fv2%2Fcomments&post=2046"}],"version-history":[{"count":9,"href":"https:\/\/sp2zelow.pl\/index.php?rest_route=\/wp\/v2\/pages\/2046\/revisions"}],"predecessor-version":[{"id":2697,"href":"https:\/\/sp2zelow.pl\/index.php?rest_route=\/wp\/v2\/pages\/2046\/revisions\/2697"}],"wp:attachment":[{"href":"https:\/\/sp2zelow.pl\/index.php?rest_route=%2Fwp%2Fv2%2Fmedia&parent=2046"}],"curies":[{"name":"wp","href":"https:\/\/api.w.org\/{rel}","templated":true}]}}