{"id":2209,"date":"2024-03-25T17:24:40","date_gmt":"2024-03-25T16:24:40","guid":{"rendered":"https:\/\/sp2zelow.pl\/?page_id=2209"},"modified":"2024-12-13T14:39:42","modified_gmt":"2024-12-13T13:39:42","slug":"hymn-szkoly","status":"publish","type":"page","link":"https:\/\/sp2zelow.pl\/?page_id=2209","title":{"rendered":"Hymn Szko\u0142y"},"content":{"rendered":"\n<p>W roku szkolnym 2002\/2003 min\u0119\u0142o trzydzie\u015bci lat od nadania Szkole Podstawowej nr 2 w Zelowie sztandaru oraz imienia Tadeusza Ko\u015bciuszki. Z tej okazji nauczycielka muzyki w naszej szkole &#8211; pani Anna Kimmer &#8211; postanowi\u0142a zorganizowa\u0107 konkurs na tekst do hymnu szko\u0142y, a nast\u0119pnie skomponowa\u0107 melodi\u0119. Najlepszy tekst napisa\u0142a Monika Szczepa\u0144ska &#8211; w\u00f3wczas uczennica klasy V a. Hymn po raz pierwszy zosta\u0142 zaprezentowany podczas \u015awi\u0119ta Patrona Szko\u0142y. Autorzy najciekawszych tekst\u00f3w otrzymali pami\u0105tkowe dyplomy i upominki. Teraz Hymn Szko\u0142y ko\u0144czy wszystkie uroczysto\u015bci szkolne. Poniewa\u017c melodia hymnu jest bardzo pogodna i \u017cywa, wszyscy uczniowie ch\u0119tnie go \u015bpiewaj\u0105.<\/p>\n\n\n\n<p><br><em>&#8222;Hymn szko\u0142y&#8221;<\/em><\/p>\n\n\n\n<p><br><em>Ka\u017cdego dnia o tej samej porze<\/em><br><em>Gromadka uczni\u00f3w spieszy si\u0119 jak mo\u017ce.<\/em><br><em>Bo Szko\u0142a Dw\u00f3jka nauczy nas,<\/em><br><em>A dzwonek niechaj dzwoni na czas.<\/em><br><br><em>Witaj Szko\u0142o nasza mi\u0142a,<\/em><br><em>B\u0119dziesz zawsze nam s\u0142u\u017cy\u0142a.<\/em><br><em>Ty nauczysz nas wszystkiego<\/em><br><em>&#8211; Matmy, w-fu i polskiego.<\/em><br><em>Jedni b\u0119d\u0105 tu przychodzi\u0107,<\/em><br><em>Inni musz\u0105 ju\u017c odchodzi\u0107.<\/em><br><em>Cho\u0107 nie b\u0119dzie ju\u017c tu nas,<\/em><br><em>Zawsze b\u0119dziesz w naszych snach.<\/em><br><br><em>Tutaj ka\u017cdy znajdzie co\u015b dla siebie,<\/em><br><em>Pomoc wtedy, kiedy jest w potrzebie.<\/em><br><em>I mo\u017ce wreszcie wykaza\u0107 si\u0119<\/em><br><em>I stwierdzi\u0107 w &#8222;Dw\u00f3jce&#8221; nie jest tak \u017ale.<\/em><br><br><em>Witaj Szko\u0142o&#8230;<\/em><br><br><em>Bo Szko\u0142a Dw\u00f3jka<\/em><br><em>ma co\u015b chyba w sobie<\/em><br><em>I ka\u017cdy ucze\u0144 dzisiaj ci to powie,<\/em><br><em>A nauczyciel \u017cyczliwy jest,<\/em><br><em>Troskliwy, mi\u0142y i dobry te\u017c.<\/em><br><br><em>Witaj Szko\u0142o&#8230;<\/em><\/p>\n\n\n\n<p><\/p>\n\n\n\n<p><a href=\"https:\/\/sp2zelow.pl\/wp-content\/uploads\/2024\/12\/Hymn-Szkoly.mp3\">Plik d\u017awi\u0119kowy<\/a><\/p>\n\n\n\n<p><\/p>\n","protected":false},"excerpt":{"rendered":"<p>W roku szkolnym 2002\/2003 min\u0119\u0142o trzydzie\u015bci lat od nadania Szkole Podstawowej nr 2 w Zelowie sztandaru oraz imienia Tadeusza Ko\u015bciuszki.<\/p>\n","protected":false},"author":1,"featured_media":0,"parent":0,"menu_order":0,"comment_status":"closed","ping_status":"closed","template":"","meta":{"colormag_page_container_layout":"default_layout","colormag_page_sidebar_layout":"default_layout","footnotes":""},"class_list":["post-2209","page","type-page","status-publish","hentry"],"_links":{"self":[{"href":"https:\/\/sp2zelow.pl\/index.php?rest_route=\/wp\/v2\/pages\/2209","targetHints":{"allow":["GET"]}}],"collection":[{"href":"https:\/\/sp2zelow.pl\/index.php?rest_route=\/wp\/v2\/pages"}],"about":[{"href":"https:\/\/sp2zelow.pl\/index.php?rest_route=\/wp\/v2\/types\/page"}],"author":[{"embeddable":true,"href":"https:\/\/sp2zelow.pl\/index.php?rest_route=\/wp\/v2\/users\/1"}],"replies":[{"embeddable":true,"href":"https:\/\/sp2zelow.pl\/index.php?rest_route=%2Fwp%2Fv2%2Fcomments&post=2209"}],"version-history":[{"count":4,"href":"https:\/\/sp2zelow.pl\/index.php?rest_route=\/wp\/v2\/pages\/2209\/revisions"}],"predecessor-version":[{"id":2585,"href":"https:\/\/sp2zelow.pl\/index.php?rest_route=\/wp\/v2\/pages\/2209\/revisions\/2585"}],"wp:attachment":[{"href":"https:\/\/sp2zelow.pl\/index.php?rest_route=%2Fwp%2Fv2%2Fmedia&parent=2209"}],"curies":[{"name":"wp","href":"https:\/\/api.w.org\/{rel}","templated":true}]}}

Hymn Szkoły

<p>W roku szkolnym 2002/2003 minęło trzydzieści lat od nadania Szkole Podstawowej nr 2 w Zelowie sztandaru oraz imienia Tadeusza Kościuszki. Z tej okazji nauczycielka muzyki w naszej szkole &#8211; pani Anna Kimmer &#8211; postanowiła zorganizować konkurs na tekst do hymnu szkoły, a następnie skomponować melodię. Najlepszy tekst napisała Monika Szczepańska &#8211; wówczas uczennica klasy V a. Hymn po raz pierwszy został zaprezentowany podczas Święta Patrona Szkoły. Autorzy najciekawszych tekstów otrzymali pamiątkowe dyplomy i upominki. Teraz Hymn Szkoły kończy wszystkie uroczystości szkolne. Ponieważ melodia hymnu jest bardzo pogodna i żywa, wszyscy uczniowie chętnie go śpiewają.</p>



<p><br><em>&#8222;Hymn szkoły&#8221;</em></p>



<p><br><em>Każdego dnia o tej samej porze</em><br><em>Gromadka uczniów spieszy się jak może.</em><br><em>Bo Szkoła Dwójka nauczy nas,</em><br><em>A dzwonek niechaj dzwoni na czas.</em><br><br><em>Witaj Szkoło nasza miła,</em><br><em>Będziesz zawsze nam służyła.</em><br><em>Ty nauczysz nas wszystkiego</em><br><em>&#8211; Matmy, w-fu i polskiego.</em><br><em>Jedni będą tu przychodzić,</em><br><em>Inni muszą już odchodzić.</em><br><em>Choć nie będzie już tu nas,</em><br><em>Zawsze będziesz w naszych snach.</em><br><br><em>Tutaj każdy znajdzie coś dla siebie,</em><br><em>Pomoc wtedy, kiedy jest w potrzebie.</em><br><em>I może wreszcie wykazać się</em><br><em>I stwierdzić w &#8222;Dwójce&#8221; nie jest tak źle.</em><br><br><em>Witaj Szkoło&#8230;</em><br><br><em>Bo Szkoła Dwójka</em><br><em>ma coś chyba w sobie</em><br><em>I każdy uczeń dzisiaj ci to powie,</em><br><em>A nauczyciel życzliwy jest,</em><br><em>Troskliwy, miły i dobry też.</em><br><br><em>Witaj Szkoło&#8230;</em></p>



<p></p>



<p><a href="https://sp2zelow.pl/wp-content/uploads/2024/12/Hymn-Szkoly.mp3">Plik dźwiękowy</a></p>



<p></p>

<p>W roku szkolnym 2002/2003 minęło trzydzieści lat od nadania Szkole Podstawowej nr 2 w Zelowie sztandaru oraz imienia Tadeusza Kościuszki.</p>
