{"id":2484,"date":"2024-09-09T16:32:12","date_gmt":"2024-09-09T14:32:12","guid":{"rendered":"https:\/\/sp2zelow.pl\/?page_id=2484"},"modified":"2024-09-09T16:32:13","modified_gmt":"2024-09-09T14:32:13","slug":"standardy-ochrony-maloletnich","status":"publish","type":"page","link":"https:\/\/sp2zelow.pl\/?page_id=2484","title":{"rendered":"Standardy Ochrony Ma\u0142oletnich"},"content":{"rendered":"\n<p>Poni\u017cej do pobrania pliki w sprawie standard\u00f3w ochrony ma\u0142oletnich<\/p>\n\n\n<p><a href=\"https:\/\/sp2zelow.pl\/wp-content\/uploads\/2024\/09\/Standardy-Ochrony-Maloletnich_wersja-skrocona.pdf\">Standardy Ochrony Ma\u0142oletnich_wersja skr\u00f3cona<\/a><\/p>\n<p>\u00a0<\/p>\n<p><a href=\"https:\/\/sp2zelow.pl\/wp-content\/uploads\/2024\/09\/Standardy-Ochrony-Maloletnich_wersja-zupelna.pdf\">Standardy Ochrony Ma\u0142oletnich_wersja zupe\u0142na<\/a><\/p>","protected":false},"excerpt":{"rendered":"<p>Poni\u017cej do pobrania pliki w sprawie standard\u00f3w ochrony ma\u0142oletnich Standardy Ochrony Ma\u0142oletnich_wersja skr\u00f3cona \u00a0 Standardy Ochrony Ma\u0142oletnich_wersja zupe\u0142na<\/p>\n","protected":false},"author":1,"featured_media":0,"parent":0,"menu_order":0,"comment_status":"closed","ping_status":"closed","template":"","meta":{"colormag_page_container_layout":"default_layout","colormag_page_sidebar_layout":"default_layout","footnotes":""},"class_list":["post-2484","page","type-page","status-publish","hentry"],"_links":{"self":[{"href":"https:\/\/sp2zelow.pl\/index.php?rest_route=\/wp\/v2\/pages\/2484","targetHints":{"allow":["GET"]}}],"collection":[{"href":"https:\/\/sp2zelow.pl\/index.php?rest_route=\/wp\/v2\/pages"}],"about":[{"href":"https:\/\/sp2zelow.pl\/index.php?rest_route=\/wp\/v2\/types\/page"}],"author":[{"embeddable":true,"href":"https:\/\/sp2zelow.pl\/index.php?rest_route=\/wp\/v2\/users\/1"}],"replies":[{"embeddable":true,"href":"https:\/\/sp2zelow.pl\/index.php?rest_route=%2Fwp%2Fv2%2Fcomments&post=2484"}],"version-history":[{"count":1,"href":"https:\/\/sp2zelow.pl\/index.php?rest_route=\/wp\/v2\/pages\/2484\/revisions"}],"predecessor-version":[{"id":2489,"href":"https:\/\/sp2zelow.pl\/index.php?rest_route=\/wp\/v2\/pages\/2484\/revisions\/2489"}],"wp:attachment":[{"href":"https:\/\/sp2zelow.pl\/index.php?rest_route=%2Fwp%2Fv2%2Fmedia&parent=2484"}],"curies":[{"name":"wp","href":"https:\/\/api.w.org\/{rel}","templated":true}]}}