{"id":2515,"date":"2024-10-10T10:54:51","date_gmt":"2024-10-10T08:54:51","guid":{"rendered":"https:\/\/sp2zelow.pl\/?page_id=2515"},"modified":"2024-12-13T14:46:55","modified_gmt":"2024-12-13T13:46:55","slug":"narodowy-program-rozwoju-czytelnictwa-2-0","status":"publish","type":"page","link":"https:\/\/sp2zelow.pl\/?page_id=2515","title":{"rendered":"Narodowy Program Rozwoju Czytelnictwa 2.0"},"content":{"rendered":"<p>Szko\u0142a Podstawowa nr 2 im. T. Ko\u015bciuszki z oddzia\u0142ami integracyjnymi w Zelowie bierze udzia\u0142 w Narodowym Programie Rozwoju Czytelnictwa 2.0 na lata 2021-2025. Kwota wsparcia finansowego ze \u015brodk\u00f3w bud\u017cetu pa\u0144stwa przypisanych do Priorytetu 3 NPRCz 2.0 na lata 2021-2025 wynosi 12000 PLN, natomiast wysoko\u015b\u0107 finansowego wk\u0142adu w\u0142asnego organu prowadz\u0105cego 3000 PLN. Pozyskane \u015brodki s\u0105 w ca\u0142o\u015bci przeznaczone na zakup podr\u0119cznik\u00f3w i ksi\u0105\u017cek uzupe\u0142niaj\u0105cych zbiory biblioteki szkolnej oraz dzia\u0142ania zwi\u0105zane z promocj\u0105 czytelnictwa w\u015br\u00f3d dzieci i m\u0142odzie\u017cy. \u015acis\u0142a wsp\u00f3\u0142praca z rodzicami, gronem pedagogicznym, bibliotekami miejskimi oraz organizacjami lokalnymi, gwarantuje najlepsze efekty w dziedzinie propagowania czytelnictwa. Program przyczynia si\u0119 do utrwalenia w\u015br\u00f3d uczni\u00f3w nawyku czytania ksi\u0105\u017cek, pozwala na pokazanie \u017ce w ten spos\u00f3b mo\u017cna mi\u0142o i ciekawie sp\u0119dzi\u0107 czas oraz rozwija\u0107 swoje pasje.<\/p>\n<p><img loading=\"lazy\" decoding=\"async\" class=\"alignnone  wp-image-2292\" src=\"https:\/\/sp2zelow.pl\/wp-content\/uploads\/2024\/04\/logo2m_v1.png\" alt=\"\" width=\"139\" height=\"151\" \/>\u00a0 <img loading=\"lazy\" decoding=\"async\" class=\"size-medium wp-image-2498 alignright\" src=\"https:\/\/sp2zelow.pl\/wp-content\/uploads\/2024\/09\/obraz-300x171.png\" alt=\"\" width=\"300\" height=\"171\" srcset=\"https:\/\/sp2zelow.pl\/wp-content\/uploads\/2024\/09\/obraz-300x171.png 300w, https:\/\/sp2zelow.pl\/wp-content\/uploads\/2024\/09\/obraz-1024x583.png 1024w, https:\/\/sp2zelow.pl\/wp-content\/uploads\/2024\/09\/obraz-768x437.png 768w, https:\/\/sp2zelow.pl\/wp-content\/uploads\/2024\/09\/obraz-1536x874.png 1536w, https:\/\/sp2zelow.pl\/wp-content\/uploads\/2024\/09\/obraz.png 1922w\" sizes=\"auto, (max-width: 300px) 100vw, 300px\" \/><\/p>\n\n\n<p>Wi\u0119cej informacji: <a href=\"https:\/\/nprcz.pl\/materialy-dla-beneficjentow\/\">https:\/\/nprcz.pl\/materialy-dla-beneficjentow\/<\/a><\/p>\n\n\n\n<p><\/p>\n","protected":false},"excerpt":{"rendered":"<p>Szko\u0142a Podstawowa nr 2 im. T. Ko\u015bciuszki z oddzia\u0142ami integracyjnymi w Zelowie bierze udzia\u0142 w Narodowym Programie Rozwoju Czytelnictwa 2.0<\/p>\n","protected":false},"author":1,"featured_media":0,"parent":0,"menu_order":0,"comment_status":"closed","ping_status":"closed","template":"","meta":{"colormag_page_container_layout":"default_layout","colormag_page_sidebar_layout":"default_layout","footnotes":""},"class_list":["post-2515","page","type-page","status-publish","hentry"],"_links":{"self":[{"href":"https:\/\/sp2zelow.pl\/index.php?rest_route=\/wp\/v2\/pages\/2515","targetHints":{"allow":["GET"]}}],"collection":[{"href":"https:\/\/sp2zelow.pl\/index.php?rest_route=\/wp\/v2\/pages"}],"about":[{"href":"https:\/\/sp2zelow.pl\/index.php?rest_route=\/wp\/v2\/types\/page"}],"author":[{"embeddable":true,"href":"https:\/\/sp2zelow.pl\/index.php?rest_route=\/wp\/v2\/users\/1"}],"replies":[{"embeddable":true,"href":"https:\/\/sp2zelow.pl\/index.php?rest_route=%2Fwp%2Fv2%2Fcomments&post=2515"}],"version-history":[{"count":2,"href":"https:\/\/sp2zelow.pl\/index.php?rest_route=\/wp\/v2\/pages\/2515\/revisions"}],"predecessor-version":[{"id":2587,"href":"https:\/\/sp2zelow.pl\/index.php?rest_route=\/wp\/v2\/pages\/2515\/revisions\/2587"}],"wp:attachment":[{"href":"https:\/\/sp2zelow.pl\/index.php?rest_route=%2Fwp%2Fv2%2Fmedia&parent=2515"}],"curies":[{"name":"wp","href":"https:\/\/api.w.org\/{rel}","templated":true}]}}